at are the prime factors of 864814?
2, 383, 1129
What are the prime factors of 8211230?
2, 5, 19, 23, 1879
List the prime factors of 16785061.
227, 73943
List the prime factors of 1946196.
2, 3, 7, 7723
List the prime factors of 65924.
2, 16481
List the prime factors of 1106004.
2, 3, 37, 47, 53
What are the prime factors of 4140956?
2, 421, 2459
List the prime factors of 215244.
2, 3, 1993
List the prime factors of 9406792.
2, 1175849
What are the prime factors of 97821?
3, 3623
List the prime factors of 392448.
2, 3, 7, 73
List the prime factors of 1860024.
2, 3, 19, 4079
What are the prime factors of 8963846?
2, 1607, 2789
What are the prime factors of 14620264?
2, 1827533
What are the prime factors of 3391147?
709, 4783
List the prime factors of 21860354.
2, 523, 20899
List the prime factors of 362540.
2, 5, 18127
What are the prime factors of 746619?
3, 191, 1303
What are the prime factors of 2827944?
2, 3, 7, 31, 181
What are the prime factors of 1859184?
2, 3, 12911
What are the prime factors of 335278?
2, 53, 3163
List the prime factors of 145571.
17, 8563
What are the prime factors of 7626902?
2, 41, 281, 331
List the prime factors of 335772.
2, 3, 3109
What are the prime factors of 136933?
19, 7207
List the prime factors of 3012774.
2, 3, 17, 29537
List the prime factors of 16437.
3, 5479
List the prime factors of 650664.
2, 3, 7, 1291
List the prime factors of 9615976.
2, 19, 41, 1543
List the prime factors of 12964703.
461, 28123
List the prime factors of 426170.
2, 5, 19, 2243
List the prime factors of 29023619.
29023619
What are the prime factors of 302132?
2, 75533
List the prime factors of 612755.
5, 11, 13, 857
What are the prime factors of 5408886?
2, 3, 7, 89, 1447
List the prime factors of 1504610.
2, 5, 19, 7919
What are the prime factors of 2605468?
2, 41, 15887
List the prime factors of 103048.
2, 11, 1171
List the prime factors of 2303104.
2, 19, 947
List the prime factors of 17338579.
31, 53, 61, 173
List the prime factors of 20672199.
3, 613, 1249
List the prime factors of 1203228.
2, 3, 13, 857
What are the prime factors of 251564?
2, 61, 1031
List the prime factors of 735669.
3, 11, 2477
What are the prime factors of 53030?
2, 5, 5303
List the prime factors of 598773.
3, 7, 28513
List the prime factors of 689173.
103, 6691
What are the prime factors of 3189672?
2, 3, 14767
What are the prime factors of 788655?
3, 5, 7, 29, 37
What are the prime factors of 31724039?
31724039
What are the prime factors of 596569?
596569
What are the prime factors of 169197?
3, 7, 1151
List the prime factors of 245746.
2, 19, 29, 223
What are the prime factors of 2747448?
2, 3, 11, 3469
List the prime factors of 461357.
13, 23, 1543
What are the prime factors of 15208457?
11, 331, 4177
List the prime factors of 6643832.
2, 13, 193, 331
What are the prime factors of 5210840?
2, 5, 17, 79, 97
What are the prime factors of 35717304?
2, 3, 7, 433, 491
What are the prime factors of 385643?
19, 20297
List the prime factors of 1624323.
3, 73, 7417
List the prime factors of 945670.
2, 5, 11, 8597
List the prime factors of 1368635.
5, 273727
List the prime factors of 788736.
2, 3, 13, 79
What are the prime factors of 398449?
19, 67, 313
What are the prime factors of 2975322?
2, 3, 7, 70841
List the prime factors of 299376.
2, 3, 7, 11
What are the prime factors of 460776?
2, 3, 73, 263
List the prime factors of 976438.
2, 31, 15749
What are the prime factors of 5639256?
2, 3, 7, 67, 167
What are the prime factors of 1999168?
2, 31237
List the prime factors of 340526.
2, 170263
What are the prime factors of 91479?
3, 30493
What are the prime factors of 217952?
2, 7, 139
What are the prime factors of 5982891?
3, 19, 43, 2441
List the prime factors of 9785693.
17, 109, 5281
What are the prime factors of 63568?
2, 29, 137
What are the prime factors of 7246830?
2, 3, 5, 241561
What are the prime factors of 555688?
2, 7, 9923
List the prime factors of 13021.
29, 449
List the prime factors of 1227798.
2, 3, 11, 13, 53
What are the prime factors of 425802?
2, 3, 13, 53, 103
List the prime factors of 115267.
73, 1579
What are the prime factors of 3229650?
2, 3, 5, 7177
List the prime factors of 2502833.
2502833
List the prime factors of 4854786.
2, 3, 31, 43, 607
List the prime factors of 195062.
2, 7, 13933
List the prime factors of 8062749.
3, 895861
What are the prime factors of 163654?
2, 47, 1741
What are the prime factors of 55156?
2, 13789
List the prime factors of 18432906.
2, 3, 67, 45853
What are the prime factors of 106965?
3, 5, 2377
What are the prime factors of 4695995?
5, 17, 101, 547
List the prime factors of 20825567.
7, 29, 173, 593
List the prime factors of 31678036.
2, 13, 46861
List the prime factors of 3687066.
2, 3, 68279
List the prime factors of 3243137.
241, 13457
What are the prime factors of 17045090?
2, 5, 19, 283, 317
What are the prime factors of 204167?
61, 3347
List the prime factors of 709129.
317, 2237
List the prime factors of 10554382.
2, 17, 310423
List the prime factors of 14085897.
3, 7, 19, 43, 821
List the prime factors of 438693.
3, 349, 419
List the prime factors of 166329.
3, 18481
What are the prime factors of 8119835?
5, 37, 43891
List the prime factors of 12934522.
2, 29, 223009
What are the prime factors of 835055?
5, 13, 29, 443
What are the prime factors of 673791?
3, 79, 2843
List the prime factors of 2244495.
3, 5, 11, 61, 223
What are the prime factors of 493980?
2, 3, 5, 8233
List the prime factors of 1184077.
1184077
What are the prime factors of 4845087?
3, 13, 41411
List the prime factors of 23885928.
2, 3, 11, 1117
List the prime factors of 3117460.
2, 5, 17, 53, 173
List the prime factors of 233591.
233591
List the prime factors of 5498633.
7, 17, 23, 41
What are the prime factors of 37458?
2, 3, 2081
What are the prime factors of 2981388?
2, 3, 59, 4211
What are the prime factors of 4247628?
2, 3, 7, 11, 4597
List the prime factors of 4321370.
2, 5, 432137
List the prime factors of 2516802.
2, 3, 419467
What are the prime factors of 177609?
3, 73, 811
List the prime factors of 3878712.
2, 3, 17957
What are the prime factors of 873774?
2, 3, 11, 1471
What are the prime factors of 168731?
168731
What are the prime factors of 181734?
2, 3, 7, 4327
What are the prime factors of 338413?
338413
List the prime factors of 3152292.
2, 3, 11, 13, 167
What are the prime factors of 193526?
2, 96763
What are the prime factors of 245381?
59, 4159
List the prime factors of 35874031.
89, 403079
What are the prime factors of 3345629?
7, 477947
What are the prime factors of 97797?
3, 7, 4657
What are the prime factors of 10939896?
2, 3, 11, 19, 727
What are the prime factors of 1149108?
2, 3, 31, 3089
List the prime factors of 22969.
103, 223
What are the prime factors of 647468?
2, 157, 1031
List the prime factors of 1265800.
2, 5, 6329
What are the prime factors of 8806313?
8806313
What are the prime factors of 275179?
17, 16187
What are the prime factors of 5095854?
2, 3, 101, 2803
List the prime factors of 10297598.
2, 5148799
What are the prime factors of 291566?
2, 11, 29, 457
List the prime factors of 21835369.
59, 370091
What are the prime factors of 6162?
2, 3, 13, 79
What are the prime factors of 2711342?
2, 163, 8317
List the prime factors of 38165.
5, 17, 449
What are the prime factors of 1058092?
2, 7, 23, 31, 53
What are the prime factors of 6279425?
5, 251177
What are the prime factors of 349613?
11, 37, 859
What are the prime factors of 5105524?
2, 167, 7643
What are the prime factors of 16185052?
2, 13, 439, 709
List the prime factors of 3835656.
2, 3, 11, 29, 167
What are the prime factors of 310494?
2, 3, 51749
What are the prime factors of 11133853?
137, 181, 449
What are the prime factors of 882696?
2, 3, 36779
What are the prime factors of 159191?
159191
What are the prime factors of 817032?
2, 3, 59, 577
What are the prime factors of 4149733?
7, 19, 41, 761
List the prime factors of 20961532.
2, 5240383
What are the prime factors of 1618900?
2, 5, 16189
What are the prime factors of 15828395?
5, 11, 287789
List the prime factors of 570542.
2, 7, 83, 491
List the prime factors of 181825.
5, 7, 1039
What are the prime factors of 12912332?
2, 107, 30169
What are the prime factors of 337